 199, 467
What are the prime factors of 92829?
3, 11, 29, 97
List the prime factors of 12010093.
12010093
What are the prime factors of 6855019?
6855019
List the prime factors of 956272.
2, 59, 1013
What are the prime factors of 4208571?
3, 17, 53, 173
What are the prime factors of 13063497?
3, 17, 256147
What are the prime factors of 11035401?
3, 13, 282959
What are the prime factors of 115704?
2, 3, 1607
List the prime factors of 2262326.
2, 11, 17, 23, 263
What are the prime factors of 23817309?
3, 7939103
What are the prime factors of 123375?
3, 5, 7, 47
List the prime factors of 926817.
3, 308939
What are the prime factors of 6331774?
2, 3165887
What are the prime factors of 4312798?
2, 7, 17, 18121
List the prime factors of 114970.
2, 5, 11497
List the prime factors of 2618749.
7, 37, 10111
What are the prime factors of 3905575?
5, 29, 5387
What are the prime factors of 10717?
7, 1531
List the prime factors of 13207255.
5, 2641451
What are the prime factors of 2565425?
5, 89, 1153
What are the prime factors of 4818259?
17, 151, 1877
List the prime factors of 1841051.
823, 2237
What are the prime factors of 751127?
13, 19, 3041
What are the prime factors of 8406205?
5, 1681241
List the prime factors of 26366944.
2, 823967
List the prime factors of 1931358.
2, 3, 11, 13, 2251
List the prime factors of 29719256.
2, 7, 530701
List the prime factors of 427893.
3, 31, 43, 107
List the prime factors of 1420255.
5, 284051
List the prime factors of 3291206.
2, 1645603
What are the prime factors of 18729956?
2, 7, 95561
List the prime factors of 954839.
17, 56167
What are the prime factors of 5859296?
2, 19, 23, 419
List the prime factors of 24155097.
3, 439, 18341
List the prime factors of 6820931.
13, 59, 8893
What are the prime factors of 304152?
2, 3, 19, 23, 29
List the prime factors of 274029.
3, 7, 13049
What are the prime factors of 4068?
2, 3, 113
List the prime factors of 76764.
2, 3, 6397
What are the prime factors of 936410?
2, 5, 29, 3229
What are the prime factors of 4702360?
2, 5, 13, 9043
List the prime factors of 57730.
2, 5, 23, 251
List the prime factors of 16383872.
2, 31, 4129
List the prime factors of 795114.
2, 3, 163, 271
What are the prime factors of 579285?
3, 5, 7, 613
List the prime factors of 1373890.
2, 5, 7, 19, 1033
What are the prime factors of 14582467?
14582467
What are the prime factors of 8292978?
2, 3, 460721
What are the prime factors of 16428863?
11, 19, 78607
What are the prime factors of 538146?
2, 3, 7, 4271
What are the prime factors of 27827319?
3, 13, 193, 3697
List the prime factors of 13096917.
3, 41, 11831
List the prime factors of 366303.
3, 7, 17443
What are the prime factors of 3200085?
3, 5, 7, 10159
List the prime factors of 390366.
2, 3, 7229
What are the prime factors of 1203493?
1203493
List the prime factors of 2236612.
2, 7, 23, 151
List the prime factors of 11073612.
2, 3, 11, 83891
What are the prime factors of 2151068?
2, 113, 4759
What are the prime factors of 386011?
43, 47, 191
List the prime factors of 17773334.
2, 8886667
What are the prime factors of 1693177?
41, 61, 677
List the prime factors of 8347848.
2, 3, 43, 8089
List the prime factors of 1792827.
3, 23, 2887
List the prime factors of 1413055.
5, 7, 47, 859
What are the prime factors of 5305619?
11, 31, 15559
What are the prime factors of 138784?
2, 4337
What are the prime factors of 263701?
19, 13879
List the prime factors of 1800686.
2, 269, 3347
List the prime factors of 505635.
3, 5, 13, 2593
List the prime factors of 31805.
5, 6361
List the prime factors of 49557.
3, 16519
List the prime factors of 265872.
2, 3, 29, 191
List the prime factors of 3479336.
2, 7, 62131
What are the prime factors of 198872?
2, 24859
List the prime factors of 5425989.
3, 821, 2203
List the prime factors of 210686.
2, 7, 101, 149
List the prime factors of 20451646.
2, 17, 23, 26153
List the prime factors of 11566969.
29, 163, 2447
List the prime factors of 496543.
97, 5119
What are the prime factors of 4495325?
5, 179813
List the prime factors of 102210.
2, 3, 5, 3407
List the prime factors of 3642785.
5, 728557
List the prime factors of 31759759.
59, 538301
What are the prime factors of 813698?
2, 419, 971
What are the prime factors of 2600090?
2, 5, 260009
What are the prime factors of 7302183?
3, 7, 89, 3907
List the prime factors of 6747477.
3, 11, 139, 1471
List the prime factors of 2703774.
2, 3, 73, 6173
What are the prime factors of 350663?
350663
List the prime factors of 163545.
3, 5, 10903
List the prime factors of 4215163.
31, 227, 599
List the prime factors of 319867.
101, 3167
List the prime factors of 9017142.
2, 3, 61, 71, 347
List the prime factors of 968238.
2, 3, 53791
List the prime factors of 2384.
2, 149
What are the prime factors of 512786?
2, 256393
What are the prime factors of 631197?
3, 7, 43, 233
What are the prime factors of 324313?
11, 29483
List the prime factors of 294593.
13, 17, 31, 43
List the prime factors of 2443961.
13, 37, 5081
List the prime factors of 200874.
2, 3, 33479
List the prime factors of 183227.
11, 16657
What are the prime factors of 1768646?
2, 11, 17, 4729
What are the prime factors of 812214?
2, 3, 13, 89
List the prime factors of 808349.
808349
List the prime factors of 310800.
2, 3, 5, 7, 37
List the prime factors of 6296424.
2, 3, 262351
List the prime factors of 54143.
29, 1867
What are the prime factors of 1113663?
3, 37, 79, 127
What are the prime factors of 500238?
2, 3, 27791
List the prime factors of 2670867.
3, 31, 3191
What are the prime factors of 8040249?
3, 7, 19, 2239
What are the prime factors of 976201?
19, 191, 269
What are the prime factors of 169077?
3, 56359
List the prime factors of 830752.
2, 13, 1997
List the prime factors of 3066136.
2, 383267
What are the prime factors of 1065372?
2, 3, 7, 11, 1153
List the prime factors of 14337201.
3, 4779067
What are the prime factors of 7268057?
71, 102367
List the prime factors of 66957.
3, 11, 2029
List the prime factors of 2529859.
337, 7507
List the prime factors of 2684428.
2, 113, 5939
What are the prime factors of 29637452?
2, 13, 367, 1553
List the prime factors of 230030.
2, 5, 23003
List the prime factors of 11772217.
2081, 5657
What are the prime factors of 9192304?
2, 11, 29, 1801
What are the prime factors of 4255247?
1151, 3697
List the prime factors of 716577.
3, 238859
List the prime factors of 121259.
121259
List the prime factors of 3297542.
2, 1648771
What are the prime factors of 12217903?
29, 79, 5333
List the prime factors of 599401.
11, 29, 1879
What are the prime factors of 3108218?
2, 1217, 1277
What are the prime factors of 4413007?
4413007
List the prime factors of 91627.
59, 1553
What are the prime factors of 4371309?
3, 485701
List the prime factors of 889200.
2, 3, 5, 13, 19
List the prime factors of 13893013.
13893013
List the prime factors of 20586573.
3, 7, 31, 83, 127
List the prime factors of 5051052.
2, 3, 46769
List the prime factors of 24867842.
2, 12433921
List the prime factors of 3754845.
3, 5, 181, 461
List the prime factors of 1233707.
17, 31, 2341
What are the prime factors of 17007964?
2, 19, 31, 7219
What are the prime factors of 2473093?
7, 47, 7517
What are the prime factors of 141746?
2, 11, 17, 379
List the prime factors of 2473305.
3, 5, 23, 67, 107
List the prime factors of 926085.
3, 5, 107, 577
List the prime factors of 200530.
2, 5, 11, 1823
List the prime factors of 1203404.
2, 300851
List the prime factors of 3411821.
7, 29
List the prime factors of 14881764.
2, 3, 53, 23399
List the prime factors of 3066338.
2, 11, 37, 3767
What are the prime factors of 146821?
41, 3581
What are the prime factors of 23849?
7, 3407
List the prime factors of 108339.
3, 7, 11, 67
What are the prime factors of 4060194?
2, 3, 31, 83, 263
List the prime factors of 416662.
2, 181, 1151
What are the prime factors of 245291?
245291
List the prime factors of 286072.
2, 35759
What are the prime factors of 71003?
19, 37, 101
What are the prime factors of 1181462?
2, 487, 1213
List the prime factors of 206765.
5, 13, 3181
What are the prime factors of 5866410?
2, 3, 5, 11, 29, 613
What are the prime factors of 1529809?
311, 4919
List the prime factors of 5288890.
2, 5, 167, 3167
List the prime